e n(k). Calculate u(m).
-2
Let q(c) = c**2 - 3. Let l be 12*(-1)/(3/(-9)). Suppose 0*z = 2*z - l. Suppose 0 = -2*j + x + 4, -j = 3*j + 3*x - z. Determine q(j).
6
Let t(n) be the third derivative of -n**4/24 - 5*n**2. Let v(s) = s**2 - 3. Let u be v(3). Determine t(u).
-6
Let c be (3/(-2))/(15/(-20)). Suppose -5*z - 4 = -n + 4, -c*n + 11 = -5*z. Let l(f) = -2*f - f + n + f. Calculate l(2).
-1
Let s(u) = 2*u + 1. Let f(c) = c**2 - 5*c + 3. Let a be f(5). Let d = -9 + 11. Suppose -d = k + a. Give s(k).
-9
Let h(k) = -3*k**3 + 15*k**2 - k - 6. Let n(w) = 2*w**3 - 10*w**2 + w + 4. Let g(q) = -5*h(q) - 8*n(q). What is g(5)?
-17
Let n(i) = -3*i**3 + 2*i**2 - 1. Suppose -3*s + 5 = -k - 5, 3*s - 4 = 4*k. Suppose 5*o = 3*j - k - 1, -2*j - 3*o + 2 = 0. Determine n(j).
-2
Let h(k) = -2*k + 2*k**2 - 3*k**2 + 3 + 0*k - k**2. What is h(-3)?
-9
Let w(r) = 5*r**3 - 3*r**2 + 10*r - 10. Let c(x) = 14*x**3 - 10*x**2 + 29*x - 29. Let t(n) = -4*c(n) + 11*w(n). What is t(6)?
6
Let v be (-3)/6 + 10/(-4). Let b(a) = -a**3 - 4*a**2 + 3. Let d be b(v). Let w(t) = -t**3 - 6*t**2 + t + 3. Give w(d).
-3
Let d(k) be the third derivative of k**6/120 - k**5/15 - k**4/6 - 7*k**3/6 + 2*k**2. Suppose 2*q + 29 = 7*q - 4*y, -y - 1 = 0. Calculate d(q).
-2
Let q(t) = -t + 1. Let p = 23 - 25. Let h be (1 - 5)/4 + p. Give q(h).
4
Let k(r) = r**2 - 2*r - 1. Let l(y) = -y**2 + 5*y. Let w be l(3). Let i = 0 + w. Suppose 7*z = 4*z - i. What is k(z)?
7
Let j = 8 - 12. Let n(i) = 5 - 2*i**2 + 3*i**2 + 0*i**2 + 6*i. Determine n(j).
-3
Let r be (24/20)/(2/(-5)). Let k(d) = -2*d + 10. Let j(u) = u - 9. Let c(q) = r*j(q) - 2*k(q). Let w = 6 - 10. Determine c(w).
3
Let d(c) = -c**3 - 5*c**2 - 3*c + 3. Let w be 5*(4/10 - 0). Suppose -3*h = -w*t - 1 - 4, 8 = 4*t. Suppose -h*j - 17 = -4*l, -2*j + 0*l - l = 4. Calculate d(j).
-6
Let c(i) = i**3 + 2*i - i - 2*i. Determine c(0).
0
Let k(h) = -h**2 - h - 1. Let m be k(0). Suppose 2*u + u - 6 = 0. Let z(b) = 6*b**2 + 2*b**u - b**2 - b**2 + b. Give z(m).
5
Let o(j) = j**2 + 6*j + 1. Suppose 8*k - 3*k + 20 = 0. Give o(k).
-7
Let l = 26 + -26. Let j(d) = d + 3 + 3 - 2*d**3 + 3*d**3. Calculate j(l).
6
Let y(l) = 4*l**2 + l. Let s be y(-1). Let k(h) = 6*h**2 + h + h - h**s + 5 - 7*h. Let g(o) = -o**3 - 13*o**2 + 15*o + 19. Let v be g(-14). What is k(v)?
5
Let o(y) = -y**3 + 3*y**2 + 6*y - 6. Suppose z - 2*a - 2 = 0, -z - 5*a + 1 = -2*z. Let g be o(z). Let p(b) = b**3 - 4*b**2 - 1. Give p(g).
-9
Let c(a) = a**3 - 2*a**2 - 2*a - 4. Let m(w) = -w - 2. Let n be m(-7). Suppose -n*s - 35 - 15 = 0. Let r be (-46)/(-14) - s/(-35). Determine c(r).
-1
Suppose -18 = -5*t + 2. Suppose -t*d - 12 = 8. Let m(p) = 0*p - p + 3*p. Give m(d).
-10
Let c(h) = h + 21. Let l be 20/(-30) - 16/(-6). Let n(s) = -10. Let b(u) = l*c(u) + 5*n(u). Give b(6).
4
Suppose 4*s + 5 = -3, 4*s = -j - 7. Suppose -21 = -q - 4*p, -5*q = 2*p + j - 16. Let t(g) = 8*g + 1. What is t(q)?
9
Let k(v) = v**3 - 6*v**2 + 3*v + 5. Let b be k(5). Let o(c) be the third derivative of c**6/120 + c**5/15 - c**4/4 - 2*c**3/3 + 2*c**2. What is o(b)?
1
Let b(n) = -n**3 - 9*n**2 - 21*n - 5. Let w be b(-5). Let r(l) = -2*l - 4. Give r(w).
-4
Let u(s) be the second derivative of -s**3/6 + 25*s. Give u(5).
-5
Let x = 24 - 21. Let f(k) = -18*k**3 - 12*k**3 + 1 - k + 31*k**x. Give f(1).
1
Let i(o) = -2 + 3 + o - 7. Let u be i(5). Let c(y) = -2*y**2 + 0 - 1 - y**3 - y + y**2. Calculate c(u).
0
Suppose 4*z - 28 = -0*z. Let g = z + -1. Let q be (g*2/(-3))/(-1). Let x(u) = -u**2 + 7*u - 5. Give x(q).
7
Let p be 76/(-6) + (-4)/(-6). Let j = p - -8. Let r(q) = 2*q + 1. Calculate r(j).
-7
Let l(c) be the second derivative of -c**3/2 - c**2 - 11*c. Let r be -2 - (-4 + (0 - 1)). What is l(r)?
-11
Let l(g) = 16*g - g**2 - 6 + 2 - 10*g. Suppose 0 = -4*o - x + 21, 3*o = -2*o + x + 24. Calculate l(o).
1
Let r(c) = -3*c**2 + 6*c + 3. Let m(f) = -f**2 + f. Let j(n) = 4*m(n) - r(n). Let p be (-2)/4*1*6. Let l = p + 1. What is j(l)?
-3
Let b(d) = 5*d + 3 + 3*d - 3. Let h(y) = -y + 5. Let f = -1 + 5. Let w be h(f). What is b(w)?
8
Let a(g) = 2*g + 6. Let z(n) = -n**2 - 8*n - 9. Let o be z(-6). Let p(j) = -1 + 2*j**3 - j**3 - 4*j**o. Let b be p(1). Give a(b).
-2
Let g(d) = 3*d**2 + 2*d + 3. Let y(r) = r**2 + r. Let t(p) = g(p) - 2*y(p). Give t(0).
3
Let b(m) = -4 - 1 - 3 - 2*m + 4. Determine b(8).
-20
Let t(x) = 3*x - 1. Suppose 3*u = 91 + 17. Suppose v + 2*s - u = 6*v, -2*s = v. Let p = 5 + v. What is t(p)?
-4
Let m be (9/(-6))/((-3)/4). Let d(j) = 4*j - 13 - m*j - j. Let h be d(9). Let s(b) = b**3 + 5*b**2 + 5*b - 1. What is s(h)?
-5
Suppose -8 + 29 = 3*n. Suppose -5*c + 20 = -b, 2*b + 5 = 3*c - n. Let y(a) be the third derivative of -a**5/60 - a**4/24 - a**3/6 - a**2. What is y(b)?
-1
Suppose 8 = 4*p, -4*k + 3 = p - 15. Suppose 0 = -v + k*v + 3. Let h(f) = 2*f + 1. Let m(l) = -10*l - 6. Let i(j) = -11*h(j) - 2*m(j). Calculate i(v).
3
Let s(h) = 2*h**2 + h - 6 - 3*h**2 + 0*h**2. Suppose -5 = f - 14. Suppose -11*v = -f*v. Determine s(v).
-6
Let b(h) = -3*h**2 - 23*h + 2. Let r(c) = 2*c**2 + 15*c - 1. Let y(w) = 5*b(w) + 8*r(w). Suppose -5*m + 20 = -3*k, 1 = 2*k + 2*m + 9. Determine y(k).
2
Let h(b) = 3*b - 4. Suppose -5*a = -3*x + 8*x - 65, 2*a - 27 = -3*x. Let r be (18/a)/(2/8). Determine h(r).
14
Let f(r) = -r**3 + 3*r**2 + 2*r + 3. Let d be f(3). Let u(o) = d + o**2 - 1 - 6*o + 3 - 2. Calculate u(6).
9
Let s be 4/6*(-2 - -5). Suppose -s*x = -4*u + 2*u, -x + 2*u = -4. Let y(l) be the first derivative of l**4/4 + 4*l**3/3 + l**2/2 + l + 4. What is y(x)?
-3
Let m(q) be the third derivative of -q**7/1680 + q**5/30 - 3*q**2. Let f(h) be the third derivative of m(h). Suppose -3 + 1 = -t. Give f(t).
-6
Let q(b) = -b - 1. Let r be q(-5). Suppose -3*f = -r*f - 5. Let m(t) = t + 1. Let v(j) = 3*j + 2. Let s(l) = 4*m(l) - v(l). Give s(f).
-3
Suppose -9*p - 8 = -13*p. Let n(g) = g**3 + 8 - 6 - 2 - p*g + 5*g**2 - 3. Calculate n(-5).
7
Let g(p) = 5*p - 4*p - 3*p - p**2 + 0 - 2. Let q be g(-2). Let n(k) = k**2 + k + 2. Calculate n(q).
4
Let u = -26 + 25. Let t(q) = -3*q - 1. What is t(u)?
2
Suppose 0 = 4*w - 308 + 300. Let p(r) = -3*r**3 + 2*r**2 + 3*r - 2. Give p(w).
-12
Let w = 9 + -4. Let z(t) = t + 1. Let y(p) = 7*p + 6. Let r(v) = -y(v) + 6*z(v). Determine r(w).
-5
Let q(j) = 8*j**2 + 12*j + 14. Let k(u) = -3*u**2 - 4*u - 5. Let x be (1 - 45)*(-3)/12. Let b(a) = x*k(a) + 4*q(a). Determine b(3).
4
Suppose 4*g = 5*u - 0*u + 23, -4*g + 17 = -3*u. Let o(k) = k**g - 3 + 5 + 10*k**3 - 1 + 2*k. Give o(-1).
-10
Suppose 0 = -5*k - 0*k + 50. Let y = k - 10. Suppose 0 = -a - y*a. Let j(d) = -d**3 - d + 7. Calculate j(a).
7
Let p(i) = 2 + 3*i + 0*i**2 + 3*i**3 - 5*i**3 - 2*i**2. Give p(-2).
4
Let k(b) = b**2 - 2*b**2 - 8 + b**2 - b**2 + 9*b. Determine k(6).
10
Let i(y) = -y**3 + 5*y**2 + 4*y + 8. Let c be 16/(-6)*18/(-8). What is i(c)?
-4
Let c(z) = -z**2 + 3*z - 2. Let l(s) = 6*s**2 + s. Let v be l(-1). Determine c(v).
-12
Let w = 1 + 1. Suppose 0 = -w*k + 1 - 7. Let p(s) = s + 2. What is p(k)?
-1
Let v be -5*1*8/(-10). Let f(g) be the first derivative of -2*g**2 + 2 - g + 1/3*g**3. Calculate f(v).
-1
Let v(l) = 8*l + 5. Let n(q) = -3*q - 2. Let x(s) = 11*n(s) + 4*v(s). Let g = -5 + 12. Suppose -5*k = g + 8. Determine x(k).
1
Let t = 15 - 11. Let z(y) = 4 - 2*y + 4*y - 1 - t. What is z(-3)?
-7
Let v = 4 - 2. Let r(n) = 6*n**2 + v*n**3 - 2 - 2*n - n + 8*n - n**3. Determine r(-5).
-2
Suppose -3*n = 5*u + 13, -3*n = -0*n - u + 1. Let s be -2*(n - 1)*-1. Let t(w) = 2*w**2 + 5*w. Calculate t(s).
12
Suppose 3*u = -u + 4*y + 16, u = -2*y + 4. Let l(o) be the first derivative of o + 2. Let j(v) = -2*v + 3. Let z(f) = -j(f) + 3*l(f). Calculate z(u).
8
Suppose -7*q + 4*q - 3 = 0. Let m(i) = i + 1. Determine m(q).
0
Let h = -41 + 32. Let x(v) be the second derivative of v**3/2 + v. Let s(l) = -7*l. Let z(b) = h*x(b) - 4*s(b). What is z(5)?
5
Let z(n) = -n**3 + 10*n**2 + 10*n + 1. Let x be z(11). Let v be x/4*6/5. Let f(y) = y**2 + 1. Give f(v).
10
Let y(s) be the first derivative of s**3 + s**2 + s + 32. Calculate y(-1).
2
Let x be (-2)/12*-2*6. Suppose x*s = 4*s. Let o(u) = u**2 - u**3 + s*u**3 + 2 + u + u**2. Determine o(3).
-4
Let k(o) = 2*o**2 - 6*o - 5. Let n(q) = -q**2 + 3*q + 2. Let b(v) = -3*k(v) - 5*n(v). Let a = 1 + 19. Let p be 10/(-2)*(-16)/a. Give b(